 What is the remainder when i is divided by 128?
125
Suppose 5*h - 40 = 6*h. Let k = h - -51. Let r(a) = 8*a**2 + a - 1. What is the remainder when k is divided by r(1)?
3
Let w(r) = r**3 + 24*r**2 + 93*r + 56. What is the remainder when 1850 is divided by w(-16)?
2
Let f(a) = -a**3 + 36*a**2 - 65*a - 39. Calculate the remainder when 176 is divided by f(34).
50
Let m = -5 + 90. Suppose -77*k + 6419 + 203 = 0. What is the remainder when k is divided by m?
1
Suppose -p + 5 - 1 = -4*a, p = -a + 4. Let w = a - -19. Calculate the remainder when 54 is divided by w.
16
Suppose 45*d + 41 - 125 = 38*d. What is the remainder when 1006 is divided by d?
10
Suppose -567*y = -569*y + 16. Suppose -68 - 92 = -y*q. Calculate the remainder when 258 is divided by q.
18
Calculate the remainder when 4104 is divided by (-24)/(-36) + (-1 - (-6)/(-9)) - -38.
34
Suppose 2*f + 202*p - 276 = 206*p, -f + p + 133 = 0. Calculate the remainder when f is divided by 116.
12
Calculate the remainder when 222 + ((-534)/54 - 1/9) is divided by 96.
20
Suppose -73*g + 15*g + 1218 = 0. Let b(t) = -10*t**3 + 1. Suppose 4*k = 3*f + 2, -f + 4*k = -0*f - 2. What is the remainder when b(f) is divided by g?
18
Let d = 2624 + -1556. Calculate the remainder when (20/4 - 1) + d/2 is divided by 54.
52
Suppose 2*n = -3*v + 15, 3 = v - 2*n - 2. Let z(r) = 2*r**2 - 7*r + 2. What is the remainder when z(v) is divided by ((-1118)/(-12))/13 + 11/(-66)?
3
Let x(i) = 60*i + 731. Calculate the remainder when x(45) is divided by 26.
25
Suppose 93*z = 78*z + 1260. Calculate the remainder when 918 is divided by z.
78
Let j = 37 + -2. Suppose 5*n + 4*f - 13 - 9 = 0, 3*n - 20 = f. Let y(a) = a**3 - 7*a**2 + 7*a + 12. What is the remainder when j is divided by y(n)?
17
Let m be (16 + -20)/((-2)/(-1)). Calculate the remainder when 620/10 + (-6)/m is divided by (-1)/6 - (-109)/6.
11
Suppose 165 = k - 4*l, 5*k + l - 542 = 241. Calculate the remainder when 214 is divided by k.
57
Suppose -u = -6*u + 925. Let d(j) = -j**3 - 10*j**2 - 1563*j - 18977. Calculate the remainder when u is divided by d(-12).
51
Let p(i) = -i**3 + i**2 + i + 165. Let f be p(0). Let s = 10 + 2. What is the remainder when ((-195)/f + (-4)/(-22))*-35 is divided by s?
11
Suppose 10616 = 32*q + 1272. Suppose -23*f = -q - 1134. Calculate the remainder when f is divided by 20.
2
Let j(i) = 9*i - 33. Let f(g) = -5*g - 104. Let o be f(-22). What is the remainder when 103 is divided by j(o)?
19
Let k be 1/((-11)/(-7326)*(-6)/(-8)). Suppose 36*n - k = -n. What is the remainder when 286 is divided by n?
22
Let i = -9 + 26. Let w(d) = 14*d**2 - 4*d + 1. Let m be w(1). Let f(l) = l**2 - 3*l - 23. What is the remainder when f(m) is divided by i?
14
Let p = 110 - 35. Let t(g) = g**3 - 5*g**2 - 7*g - 13. Let b be t(-3). Let f = p + b. Calculate the remainder when 17 is divided by f.
6
Calculate the remainder when 1073 is divided by -187*(-8)/88 - 9.
1
Let b = 415 - 403. Let o = 229 + -86. Calculate the remainder when o is divided by b.
11
Let d be 28/35 - 2703/(-15). Let x = 190 - d. Suppose -5*z - 42 = -192. Calculate the remainder when z is divided by x.
3
Let w(g) be the third derivative of g**6/120 + g**5/3 + 35*g**3/6 + 120*g**2 + 1. Suppose 4*v - 8*v + 76 = 0. What is the remainder when w(-20) is divided by v?
16
Suppose -4*l - 5*l + 217 = 46. What is the remainder when 293 is divided by l?
8
Suppose y + k = -4*y + 5702, 5714 = 5*y - 3*k. Let x = 1142 - y. Suppose -u = 4*u - 10. Calculate the remainder when u is divided by x.
0
Let k be 3*(-1 + (-2)/(-1)). Suppose 0 = -3*w + 5*i + 327, -k*w + 306 = 9*i - 7*i. Let q = -43 + w. Calculate the remainder when q is divided by 31.
30
Let z(w) = w**2 + 78*w - 1406. Calculate the remainder when z(16) is divided by (1/(-2))/(3/(-312)).
46
Let h(b) be the third derivative of -b**5/60 + 13*b**4/24 + 16*b**3/3 + 2*b**2 - 17. Calculate the remainder when 118 is divided by h(13).
22
Let h = -72 + 73. Suppose 0 = -a + 4 - h. Suppose -f = 4, -9 = -2*v - 5*f - a. Calculate the remainder when v is divided by 6.
1
Suppose -115 - 155 = -6*u. Let d = -20 + u. Suppose 0 = -2*k - h - 0*h + 33, -3*k - h + 47 = 0. What is the remainder when d is divided by k?
11
Let z = -3195 + 3217. Calculate the remainder when 177 is divided by z.
1
Suppose -3*y = -3*n + 1 + 11, 3*y = n + 2. Let v = -6 + n. Calculate the remainder when 51 is divided by 3/6*54*v.
24
Suppose 28*w = 2*r + 30*w - 24, 0 = -2*w - 2. Calculate the remainder when 555 is divided by r.
9
Suppose -20*l - 76*l + 1568640 = 0. Calculate the remainder when l is divided by 13.
12
Let s(a) = 2*a**2 + 41*a - 20. Let o be (-1683)/81 + 4/(-18). Let m be s(o). What is the remainder when -71*(8/(-4) + m) is divided by 15?
11
Suppose n + 15 = 4*n, -3*p + 5*n + 71 = 0. Let v(f) = 11*f + 147. Let o be v(22). Suppose -t - o = -401. What is the remainder when p is divided by t?
8
Suppose -14*w + 1014 = 12*w. Calculate the remainder when 144 is divided by w.
27
Suppose 0 = 4*k + 2*u - 32, 5*k + 2*u - 27 = 14. Suppose 0 = k*q - q + 80. What is the remainder when 60 is divided by -1 + (-6)/q - 282/(-30)?
6
Let z(k) = 8*k**2 - 1. Suppose 0 = 225*c - 102*c - 109*c - 462. What is the remainder when c is divided by z(1)?
5
Let h = 422 + -236. Let r be h/(-14) - 1/(-7)*2. Let u = -2 - r. What is the remainder when 42 is divided by u?
9
Let x = -43 - 43. Let r = -57 - x. Calculate the remainder when 54 is divided by r.
25
Calculate the remainder when 345 is divided by (-12*297/(-324))/((-2)/(-20)).
15
Let a(r) be the second derivative of -r**5/20 - 7*r**4/12 - 5*r**3/6 - 11*r**2/2 - 2*r + 29. Calculate the remainder when a(-8) is divided by (-9)/(-4)*64/6.
21
Suppose 0*o + 50 = -s - o, -2*s + 4*o - 112 = 0. What is the remainder when 138 is divided by 12/(-3 - -1)*s/8?
21
Let c(a) = -6467*a - 19372. Calculate the remainder when (-2)/(-8) + 551/4 is divided by c(-3).
22
Let c be 8/(-44) - 31536/66. What is the remainder when ((-63)/14)/9*c is divided by 15?
14
Let s(z) be the first derivative of z**4/4 - 10*z**3/3 - 9*z**2 - 12*z + 56. Calculate the remainder when 118 is divided by s(12).
58
Let c = 6282 - 6057. Calculate the remainder when 1354 is divided by c.
4
Calculate the remainder when 539 is divided by 20/(3 + (-385)/135).
134
Let m = 1451 - 1406. What is the remainder when 400 is divided by m?
40
Let n(p) be the third derivative of 0*p + 0*p**5 + 1/6*p**3 + 1/12*p**4 + 0 - 1/20*p**6 + 17*p**2. What is the remainder when n(-2) is divided by 8?
5
Suppose 616 = 11*a - 2299. Let g = -103 + a. What is the remainder when g is divided by 44?
30
Calculate the remainder when 3077 is divided by -4 - 332/(-20) - 88/(-220).
9
Suppose -72*l + 64*l + 16104 - 5784 = 0. Calculate the remainder when l is divided by 160.
10
Let d(b) = 2997*b - 8911. What is the remainder when d(3) is divided by (10/(-3))/((-6)/27)?
5
Let a = -3613 - -3749. Calculate the remainder when 715 is divided by a.
35
Let t(z) = -5*z - 9. Let r(p) = -2*p - 3. Let x(h) = 8*r(h) - 3*t(h). Let y be x(-9). Calculate the remainder when 9 is divided by (-6)/(-5)*40/y.
1
Let f(k) = k**2 - 35*k - 2479. Calculate the remainder when 446 is divided by f(-36).
61
Suppose 4*t = -0*t. Suppose -q + 37 = -t*q. Let y = -220 + 241. Calculate the remainder when q is divided by y.
16
Let t(y) = 2*y**3 - 31*y**2 + 45*y - 269. What is the remainder when 1625 is divided by t(15)?
177
Suppose -7*u - 4*u = -3*u. Suppose u*r + 6*r - 156 = 0. Calculate the remainder when 33 is divided by r.
7
Let j(z) = 2*z**3 - 8*z**3 - 17*z - 3*z**2 + 4*z**3 - 121 + z**3. Suppose -3*x + 2*x = -8. What is the remainder when j(-5) is divided by x?
6
Calculate the remainder when 1278 is divided by ((-905)/(-25))/(52/10 - (-15)/(-3)).
11
Let k = -5691 + 6132. Calculate the remainder when k is divided by 19.
4
Suppose 5*r = -3*b + 83, 4*b = -2*r + 5*r - 73. Suppose -l - k = 0, 21*l - r*l = k + 15. Calculate the remainder when 10 is divided by l.
0
Suppose 37*v + 46*v = 7221. What is the remainder when 302 is divided by v?
41
Suppose -3*p + 4*t + 49 = -9, -3*t = -4*p + 75. Suppose 8*q - 1619 = 501. Let g = q + -160. Calculate the remainder when g is divided by p.
15
Let x be (-6)/((-3)/16*2). Let f = 399 - 388. Calculate the remainder when (-1)/(-4) - (-844)/x is divi